v. Calculate the remainder when 40 is divided by m.
19
What is the remainder when (4/110 + 12988036/111760)*(-656)/(-6) is divided by 78?
74
Let d = 13 - 25. Let k = d + 16. What is the remainder when 15 is divided by 88/k*(-2)/(-4)?
4
Let b be (18/36)/((-3)/(-30)). Suppose -9 = -35*p + 33*p - t, p + b*t = 0. What is the remainder when 5 is divided by p?
0
Let g(s) = -s**3 + 12*s**2 + 10*s + 41. Let k be g(13). Suppose q - 5*f - k - 24 = 0, 5*q + 3*f = 158. What is the remainder when q is divided by 24?
7
Let w = -11328 - -16377. What is the remainder when w/12 - 1/(-4) is divided by 71?
66
Let g(m) = -m**3 + 10*m**2 - 193*m + 1281. What is the remainder when 407 is divided by g(7)?
22
Let m be (7/(-7))/((-2)/(-62)). Let g = m - -35. Suppose w + 3*l = -3*w + 68, 0 = 4*w + g*l - 64. What is the remainder when w is divided by 7?
6
What is the remainder when 20650 + (-8 - 6) + -3 is divided by 22?
19
Suppose 0 = 2*m - l + 2*l - 27, -5*l = 4*m - 39. Let i be 258/5 - m/(-40). Suppose -i - 300 = -8*r. Calculate the remainder when r is divided by 9.
8
Let x(u) = 33*u - 92. Let h be x(3). Let l(c) = c**3 - 6*c**2 + 7*c + 22. What is the remainder when l(h) is divided by 61?
59
Suppose -208*b = -219*b - 11. What is the remainder when (92/69)/((-165)/(-162) + b) is divided by 19?
15
Let c = 7 + -8. Calculate the remainder when 135 + 3 + c + (4 - 1) is divided by (-140)/63 - -2 - 119/(-9).
10
What is the remainder when ((-12480)/1080)/(2/(-18)) is divided by 24?
8
Suppose 87 = 4*h - 3*h. Let o(b) = 121*b - 471. Let l be o(4). Suppose h = 4*c - l. Calculate the remainder when c is divided by 13.
12
Let j = 52 - -245. Let u = -202 + j. Calculate the remainder when u is divided by 33.
29
Suppose 0 = -n + 4*l + 985, -2*l + 1889 = 3*n - 1136. What is the remainder when n is divided by 16?
13
Let i = 20 - 3. Suppose -16*l = -20*l + 28. What is the remainder when (-418)/(-8) + i/(-68) is divided by l?
3
Let x = -20 - -22. Let q = 872 - 867. What is the remainder when x/14 + 800/35 is divided by q?
3
Let v = 20 - 8. Let s be ((-6)/v)/(0 + -1)*0. Suppose s = 4*o + u - 107, o - 2*u = -u + 28. Calculate the remainder when 52 is divided by o.
25
What is the remainder when 250 is divided by 81892/2082 + 1/(-3)?
16
Suppose 6*i - 27 - 45 = 0. Let w(t) = -10*t - 32. What is the remainder when w(-9) is divided by i?
10
Let p(a) = 5*a**2 + 78*a + 440. Calculate the remainder when 1213 is divided by p(-6).
149
Suppose -5*z - s + 5897 = 0, -2*z + 183 = 3*s - 2181. Suppose -4*f + 4031 = z. Calculate the remainder when f is divided by 51.
50
Suppose 0 = 4*r + r - 170. Let s = r + -36. Calculate the remainder when (4/(-16))/(s/136) is divided by 6.
5
Suppose 44*l + 515 = 46*l + h, -l + 4*h + 289 = 0. What is the remainder when 2356 is divided by l?
7
Suppose 133 = -27*u + 295. What is the remainder when 106 is divided by u?
4
Let t = 14211 - 13597. Calculate the remainder when t is divided by 27.
20
Suppose -1218*u + 1223*u = -4*r + 219, -3*u + 123 = r. What is the remainder when 705 is divided by u?
3
Let u = 11184 + -10629. Calculate the remainder when u is divided by 286.
269
Let m be (16/(-12))/((-8)/6). Suppose 2 - m = -d. Calculate the remainder when 15 is divided by d + (1 - -2) + 10/5.
3
Let y = -194 + 197. Suppose -p + 4*v + 15 = -10, -39 = -2*p - y*v. What is the remainder when 81 is divided by p?
18
Suppose 6*o - 6*o = -6*o. Let m(w) = 46*w + 115. What is the remainder when m(o) is divided by 9?
7
Suppose 2*o = 5*v - 20, 0 = 3*v - 5*o + o - 12. Let t(w) = w + 2. Calculate the remainder when t(6) is divided by (-12)/(-7) + 9/(126/v).
0
Let f(b) = b**3 + 5*b**2 - 8*b - 3. Suppose -11*x + 168 = 16*x - 19*x. What is the remainder when x is divided by f(-6)?
3
Suppose 103136 = -348*g + 436*g. Calculate the remainder when g is divided by 131.
124
Suppose 94 - 211 - 103 = -22*b. Calculate the remainder when 1179 is divided by b.
9
Let m be (-2)/5*30/(-2). Let f = 13490 + -13458. Calculate the remainder when (-1)/3 + 722/m is divided by f.
24
Suppose 2*t = -4*b + 114, -3*b + 82 = t + 24. Let o = 50 - t. Calculate the remainder when o/(200/(-3096)) - 2/5 is divided by 16.
13
Let x = 152 + -150. Suppose -1 = 5*y - 6, -x*q = -3*y - 39. What is the remainder when 9*-3*(-5 - -2) is divided by q?
18
Suppose -4*h - 7*h + 506 = 0. Suppose 0 = -3*v - 1186 + 1369. Calculate the remainder when v is divided by h.
15
Let n(i) = -2*i**2 - 13*i + 17. Let d be n(-7). Suppose 45 = a + 2*g, -5*a + g = -d*a + 198. Calculate the remainder when a is divided by (-2)/(-4) + 15/2.
7
Let m = -1105 - -1146. What is the remainder when 449 is divided by m?
39
Let m be (-12)/(-9)*9/(-6)*-1. Let i be (-1 + 0)*3/((-6)/m). What is the remainder when 26 is divided by 1 - (i/1 + -15)?
11
Let i(z) = 3*z**2 + 7*z + 122. Let b be i(-11). Let c = b - 374. Calculate the remainder when 203 is divided by c.
33
Let w = 46 + -24. What is the remainder when 112/52 - -1 - 20/130 is divided by 4*-1 + -16 + w?
1
Let n = 43071 - 43052. Calculate the remainder when (28/(-3))/(1/(-3)) is divided by n.
9
Suppose -39*u + 96 = -21. Suppose -130 + 55 = -5*j + u*n, -4*j + 60 = -n. Calculate the remainder when 55 is divided by j.
10
Let m = 116 + -38. Let f = -484 - -524. What is the remainder when m is divided by f?
38
Let p be (-88)/(-132)*3/1. Suppose -5*z = -85 + 15. What is the remainder when p/(-4) + (6 - 297/(-18)) is divided by z?
8
Let k = -4341 + 4500. What is the remainder when k is divided by 137?
22
Suppose 0 = -3*b + 2*u + 142 - 8, 0 = 2*b + u - 94. Calculate the remainder when b is divided by 14.
4
Let a = -18048 - -18121. Calculate the remainder when 2185 is divided by a.
68
Let i be 620/25 - 6/(-5). Suppose i*r - 330 = 15*r. What is the remainder when r is divided by 16?
14
Suppose -5*r - 3 = -4*r. Suppose 11*o - 111 = 340. What is the remainder when o is divided by ((-14)/21)/(r/81)?
5
Let k(i) = 11*i - 26. Let t(x) be the third derivative of 7*x**5/12 + x**3/3 - 17*x**2. Calculate the remainder when k(9) is divided by t(1).
36
Let q(h) = h**2 + 34. Suppose 5026 = 784*o - 18494. Calculate the remainder when q(0) is divided by o.
4
Suppose -64*b + 0*b = -275392. Calculate the remainder when b is divided by 8.
7
Let n = -580 + 960. Let j be (-188)/(-5)*(0 + 5). Suppose -4*m + n = -j. What is the remainder when m is divided by 29?
26
Calculate the remainder when ((-2 - 0)*(-5097)/(-6))/(6/(-12)) is divided by 68.
66
Let s = 15 - 128. Suppose -7*h + 14 = -784. Let b = h + s. Calculate the remainder when 7 is divided by b.
0
Let a(x) = -251*x - 318. Let l be a(4). Let d = 1348 + l. What is the remainder when 515*(1 + 3/(-5)) is divided by d?
24
Suppose -4*v - 27 = -h, -2*h = -22*v + 20*v - 66. Calculate the remainder when 5598 is divided by h.
33
Suppose 2126 + 14722 = 216*t. Calculate the remainder when 2021 is divided by t.
71
Suppose -2*o - 32 = -v, 73 = -3*v - 2*o + 209. Suppose -345*c + 4530 + 45660 = -5700. Calculate the remainder when c is divided by v.
36
Calculate the remainder when 68 is divided by 254/1524*(-1 + (-734)/(-2)).
7
Let q = 489 + -243. Let h = q + -226. Calculate the remainder when 26 is divided by h.
6
Suppose 2*o + 172 = 208. What is the remainder when 44 is divided by o?
8
Suppose -184*h + 4320 = -166*h. Suppose 85*f - 65*f = h. Let w(l) = 9*l - 2. Calculate the remainder when w(2) is divided by f.
4
Suppose 5*u + 673 + 443 = 14*u. Calculate the remainder when u is divided by 38.
10
Suppose 0 = 3*z - 53 + 41. Suppose 5*d + 6 = 5*x + 1, z*d - 3*x + 6 = 0. Calculate the remainder when 31 is divided by d*(-2)/(-6) + 9.
7
Let r(l) = 49*l**2 - l + 1. Suppose 0 = -30*y + 147285 - 146535. Calculate the remainder when r(-2) is divided by y.
24
Let t = -12 - -36. Let w be 2*t/(1 - -1). Suppose -12 = 2*l - w. Calculate the remainder when 21 is divided by l.
3
Suppose -4*a - 5*k = -3218, 2*a - 1622 = -67*k + 71*k. Calculate the remainder when a is divided by 9.
6
Suppose -4*i - 45 = -5*a, -i + 50 = 5*a - 6*i. Calculate the remainder when 310 is divided by a.
0
Suppose -2*t - 35 = 61. Let v = -45 - t. Suppose -v*k + 55 = 2*k. What is the remainder when 31 is divided by k?
9
Suppose 0 = -6*b + 528 - 264. Calculate the remainder when 2*b/5*(-20)/(-2) is divided by 20.
16
Let l be (4 - 5)/(4/(-20)). 